f 3606844688?
8
What is the ten millions digit of 185143963?
8
What is the units digit of 736453343?
3
What is the ten millions digit of 1957744026?
5
What is the billions digit of 2050969715?
2
What is the hundred thousands digit of 7898897?
8
What is the hundreds digit of 251532391?
3
What is the hundred millions digit of 304644802?
3
What is the tens digit of 345766357?
5
What is the millions digit of 56542319?
6
What is the thousands digit of 76333479?
3
What is the hundreds digit of 83655691?
6
What is the hundreds digit of 7496297263?
2
What is the thousands digit of 96595798?
5
What is the hundreds digit of 297978692?
6
What is the thousands digit of 2038309099?
9
What is the hundreds digit of 255598329?
3
What is the billions digit of 6065045100?
6
What is the millions digit of 1127755313?
7
What is the hundred thousands digit of 107046027?
0
What is the tens digit of 3006382716?
1
What is the thousands digit of 5126087377?
7
What is the thousands digit of 150590121?
0
What is the tens digit of 1001733725?
2
What is the ten thousands digit of 586561147?
6
What is the hundred millions digit of 5930477385?
9
What is the ten thousands digit of 5458677?
5
What is the ten thousands digit of 627619294?
1
What is the ten thousands digit of 42510262?
1
What is the tens digit of 939026165?
6
What is the ten thousands digit of 25030850?
3
What is the millions digit of 6659157?
6
What is the hundred thousands digit of 3127005059?
0
What is the ten millions digit of 223780380?
2
What is the millions digit of 16507110?
6
What is the ten millions digit of 1457551678?
5
What is the ten millions digit of 18293887?
1
What is the hundred thousands digit of 69613472?
6
What is the units digit of 22974557?
7
What is the hundred thousands digit of 2093364028?
3
What is the ten thousands digit of 933294229?
9
What is the hundred thousands digit of 30009373?
0
What is the millions digit of 2522991510?
2
What is the thousands digit of 57463329?
3
What is the hundred millions digit of 661242473?
6
What is the tens digit of 541449912?
1
What is the hundreds digit of 56827579?
5
What is the units digit of 233606549?
9
What is the millions digit of 68600696?
8
What is the billions digit of 1190871146?
1
What is the ten millions digit of 51821681?
5
What is the ten millions digit of 54110082?
5
What is the hundreds digit of 767866486?
4
What is the tens digit of 4233279516?
1
What is the ten millions digit of 3866951738?
6
What is the ten millions digit of 422600781?
2
What is the billions digit of 5730556490?
5
What is the ten millions digit of 930420467?
3
What is the ten millions digit of 850274999?
5
What is the millions digit of 33208326?
3
What is the tens digit of 109366847?
4
What is the hundreds digit of 18910905?
9
What is the thousands digit of 25525901?
5
What is the hundred thousands digit of 324801872?
8
What is the units digit of 1094534459?
9
What is the hundreds digit of 13764579?
5
What is the tens digit of 59914103?
0
What is the billions digit of 5361395193?
5
What is the thousands digit of 308084487?
4
What is the thousands digit of 123228823?
8
What is the units digit of 296097920?
0
What is the hundred millions digit of 131269789?
1
What is the units digit of 1999468725?
5
What is the units digit of 2902480569?
9
What is the ten millions digit of 1383854167?
8
What is the thousands digit of 535363589?
3
What is the ten millions digit of 114014634?
1
What is the ten millions digit of 29055953?
2
What is the tens digit of 151613908?
0
What is the hundreds digit of 1079017026?
0
What is the ten millions digit of 159570055?
5
What is the tens digit of 21685381?
8
What is the hundred millions digit of 892300483?
8
What is the thousands digit of 377419462?
9
What is the ten thousands digit of 856291500?
9
What is the millions digit of 4721005?
4
What is the millions digit of 357308201?
7
What is the ten thousands digit of 8796011?
9
What is the millions digit of 1331767952?
1
What is the ten thousands digit of 7121484510?
8
What is the millions digit of 75314334?
5
What is the ten millions digit of 356660281?
5
What is the tens digit of 20116360?
6
What is the tens digit of 19483883?
8
What is the ten millions digit of 19264247?
1
What is the thousands digit of 68238063?
8
What is the hundreds digit of 51373845?
8
What is the thousands digit of 2898626?
8
What is the units digit of 4473360012?
2
What is the tens digit of 1747410333?
3
What is the tens digit of 230826349?
4
What is the hundreds digit of 43828375?
3
What is the millions digit of 1569677340?
9
What is the units digit of 6423250727?
7
What is the hundred thousands digit of 38226892?
2
What is the hundred millions digit of 792169728?
7
What is the units digit of 68178793?
3
What is the hundred millions digit of 3242746864?
2
What is the hundred thousands digit of 401899357?
8
What is the millions digit of 384032579?
4
What is the hundred millions digit of 2182042180?
1
What is the thousands digit of 18559276?
9
What is the hundred millions digit of 178048499?
1
What is the ten thousands digit of 48793544?
9
What is the units digit of 32141492?
2
What is the millions digit of 522582969?
2
What is the thousands digit of 317525292?
5
What is the hundreds digit of 711081872?
8
What is the ten thousands digit of 216978112?
7
What is the hundred thousands digit of 6858864?
8
What is the millions digit of 591123828?
1
What is the units digit of 7233579708?
8
What is the tens digit of 112162269?
6
What is the millions digit of 3250227666?
0
What is the tens digit of 11656012?
1
What is the hundreds digit of 100205691?
6
What is the thousands digit of 465220499?
0
What is the thousands digit of 5023022?
3
What is the ten millions digit of 1650851722?
5
What is the hundred millions digit of 2345802041?
3
What is the millions digit of 1469609260?
9
What is the tens digit of 36252800?
0
What is the hundred thousands digit of 125414363?
4
What is the billions digit of 2223287790?
2
What is the hundred thousands digit of 149409948?
4
What is the thousands digit of 71937543?
7
What is the ten thousands digit of 68369708?
6
What is the hundreds digit of 487809256?
2
What is the hundred thousands digit of 688400329?
4
What is the thousands digit of 23415708?
5
What is the hundred millions digit of 623208840?
6
What is the tens digit of 31586243?
4
What is the units digit of 79703353?
3
What is the tens digit of 2066650278?
7
What is the hundred thousands digit of 47810903?
8
What is the thousands digit of 307228156?
8
What is the millions digit of 222635791?
2
What is the ten millions digit of 23075549?
2
What is the ten millions digit of 17459128?
1
What is the units digit of 101922264?
4
What is the tens digit of 18955563?
6
What is the hundred thousands digit of 8431997?
4
What is the millions digit of 142965943?
2
What is the tens digit of 31241961?
6
What is the hundreds digit of 2623457653?
6
What is the ten millions digit of 14215050?
1
What is the tens digit of 25084923?
2
What is the tens digit of 1187495391?
9
What is the ten millions digit of 2270506248?
7
What is the hundred millions digit of 434961494?
4
What is the units digit of 4940666385?
5
What is the tens digit of 41510200?
0
What is the tens digit of 260051305?
0
What is the ten millions digit of 243997571?
4
What is the millions digit of 115517509?
5
What is the tens digit of 40908215?
1
What is the ten millions digit of 73783451?
7
What is the millions digit of 112893092?
2
What is the ten millions digit of 76316953?
7
What is the units digit of 8559332?
2
What is the hundred thousands digit of 426692254?
6
What is the hundreds digit of 29029327?
3
What is the ten thousands digit of 86153418?
5
What is the tens digit of 62636106?
0
What is the units digit of 633693803?
3
What is the units digit of 407678227?
7
What is the units digit of 30964530?
0
What is the millions digit of 27176595?
7
What is the hundred millions digit of 165555597?
1
What is the units digit of 4701137?
7
What is the thousands digit of 1072239454?
9
What is the ten millions digit of 94759169?
9
What is the millions digit of 23863945?
3
What is the units digit of 111066538?
8
What is the ten millions digit of 420165853?
2
What is the hundreds digit of 184